{"id":55,"date":"2025-02-05T17:03:51","date_gmt":"2025-02-05T16:03:51","guid":{"rendered":"https:\/\/hbassurance.com\/?page_id=55"},"modified":"2025-02-17T17:34:26","modified_gmt":"2025-02-17T16:34:26","slug":"hbassurance-services-elementor","status":"publish","type":"page","link":"https:\/\/hbassurance.com\/?page_id=55","title":{"rendered":"Particuliers"},"content":{"rendered":"\t\t<div data-elementor-type=\"wp-page\" data-elementor-id=\"55\" class=\"elementor elementor-55\">\n\t\t\t\t<div class=\"elementor-element elementor-element-8c48427 e-flex e-con-boxed e-con e-parent\" data-id=\"8c48427\" data-element_type=\"container\">\n\t\t\t\t\t<div class=\"e-con-inner\">\n\t\t\t\t<div class=\"elementor-element elementor-element-3025b27 elementor-widget elementor-widget-html\" data-id=\"3025b27\" data-element_type=\"widget\" data-widget_type=\"html.default\">\n\t\t\t\t<div class=\"elementor-widget-container\">\n\t\t\t\t\t<section\r\n  class=\"elementor-section elementor-top-section elementor-element elementor-element-487f657 elementor-section-full_width elementor-section-height-default elementor-section-height-default\"\r\n  data-id=\"487f657\"\r\n  data-element_type=\"section\"\r\n>\r\n  <div class=\"elementor-container elementor-column-gap-no\">\r\n    <div\r\n      class=\"elementor-column elementor-col-100 elementor-top-column elementor-element elementor-element-d9bb3fb\"\r\n      data-id=\"d9bb3fb\"\r\n      data-element_type=\"column\"\r\n    >\r\n      <div class=\"elementor-widget-wrap elementor-element-populated\">\r\n        <div\r\n          class=\"elementor-element elementor-element-c79544a elementor-align-left elementor-widget elementor-widget-home-1-features\"\r\n          data-id=\"c79544a\"\r\n          data-element_type=\"widget\"\r\n          data-widget_type=\"home-1-features.default\"\r\n        >\r\n          <div class=\"elementor-widget-container\">\r\n            <section\r\n              class=\"features-section bg-silver pdt-110 pdb-80\"\r\n              data-background=\"https:\/\/shtheme.com\/demosd\/insuren\/wp-content\/uploads\/2022\/11\/abs-bg8.png\"\r\n              style=\"\r\n                background-image: url('https:\/\/shtheme.com\/demosd\/insuren\/wp-content\/uploads\/2022\/11\/abs-bg8.png');\r\n              \"\r\n            >\r\n              <div\r\n                class=\"section-title text-center wow fadeInUp animated\"\r\n                data-wow-delay=\"0ms\"\r\n                data-wow-duration=\"1500ms\"\r\n                style=\"\r\n                  visibility: visible;\r\n                  animation-duration: 1500ms;\r\n                  animation-delay: 0ms;\r\n                  animation-name: fadeInUp;\r\n                \"\r\n              >\r\n                <div class=\"container\">\r\n                  <div class=\"row\">\r\n                    <div class=\"col\"><\/div>\r\n                    <div class=\"col-lg-8 col-xl-6\">\r\n                      <div class=\"title-box-center\">\r\n                        <h2>Nos services pour les particuliers<\/h2>\r\n                      <\/div>\r\n                    <\/div>\r\n                    <div class=\"col\"><\/div>\r\n                  <\/div>\r\n                <\/div>\r\n              <\/div>\r\n              <div class=\"section-content\">\r\n                <div class=\"container\">\r\n                  <div class=\"row\">\r\n                    <!-- Premier service -->\r\n                    <div class=\"col-md-4\">\r\n                      <div class=\"services-boxes\">\r\n                        <div class=\"services-inner\">\r\n                          <div class=\"services-shape\">\r\n                            <img\r\n                              decoding=\"async\"\r\n                              src=\"https:\/\/shtheme.com\/demosd\/insuren\/wp-content\/uploads\/2022\/11\/6.png\"\r\n                                alt=\"service d'assurance habitation\"\r\n                            \/>\r\n                          <\/div>\r\n                          <div class=\"services-count\"><\/div>\r\n                          <i\r\n                            class=\"services-icon webexflaticon flaticon-house\"\r\n                          ><\/i>\r\n                          <h4\r\n                            style=\"min-height: 80px; max-height: 80px\"\r\n                            class=\"services-title\"\r\n                          >\r\n                            <a href=\"#\">Assurance Multi-risques Habitation :<\/a>\r\n                          <\/h4>\r\n                          <p\r\n                            style=\"min-height: 120px; max-height: 280px\"\r\n                            class=\"services-description\"\r\n                          >\r\n                            Protection compl\u00e8te de votre logement et de vos\r\n                            biens contre les sinistres (incendie, d\u00e9g\u00e2t des\r\n                            eaux, vol, etc.).\r\n                          <\/p>\r\n                          <a\r\n                            href=\"?page_id=2347\"\r\n                            class=\"cs-btn-one btn-primary-color btn-sm btn-block mrr-30\"\r\n                            title=\"D\u00e9couvrir l'assurance multi-risques habitation\"\r\n                            >D\u00e9couvrir<\/a\r\n                          >\r\n                        <\/div>\r\n                      <\/div>\r\n                    <\/div>\r\n                    <!-- Deuxi\u00e8me service -->\r\n                    <div class=\"col-md-4\">\r\n                      <div class=\"services-boxes\">\r\n                        <div class=\"services-inner\">\r\n                          <div class=\"services-shape\">\r\n                            <img\r\n                              decoding=\"async\"\r\n                              src=\"https:\/\/shtheme.com\/demosd\/insuren\/wp-content\/uploads\/2022\/11\/6.png\"\r\n                                alt=\"service d'assurance Multi-risques Immeuble\"\r\n                            \/>\r\n                          <\/div>\r\n                          <div class=\"services-count\"><\/div>\r\n                          <i\r\n                            class=\"services-icon webexflaticon flaticon-map-location\"\r\n                          ><\/i>\r\n                          <h4\r\n                            style=\"min-height: 80px; max-height: 80px\"\r\n                            class=\"services-title\"\r\n                          >\r\n                            <a href=\"#\"\r\n                              >Assurance Multi-risques Immeuble (MRI) :<\/a\r\n                            >\r\n                          <\/h4>\r\n                          <p\r\n                            style=\"min-height: 120px; max-height: 280px\"\r\n                            class=\"services-description\"\r\n                          >\r\n                            Une couverture adapt\u00e9e aux propri\u00e9taires d\u2019immeubles\r\n                            collectifs ou syndicats de copropri\u00e9t\u00e9.\r\n                          <\/p>\r\n                          <a\r\n                            href=\"?page_id=2350\"\r\n                            class=\"cs-btn-one btn-primary-color btn-sm btn-block mrr-30\"\r\n                            title=\"D\u00e9couvrir l'assurance multi-risques immeuble\"\r\n                            >D\u00e9couvrir<\/a\r\n                          >\r\n                        <\/div>\r\n                      <\/div>\r\n                    <\/div>\r\n                    <!-- Troisi\u00e8me service -->\r\n                    <div class=\"col-md-4\">\r\n                      <div class=\"services-boxes\">\r\n                        <div class=\"services-inner\">\r\n                          <div class=\"services-shape\">\r\n                            <img\r\n                              decoding=\"async\"\r\n                              src=\"https:\/\/shtheme.com\/demosd\/insuren\/wp-content\/uploads\/2022\/11\/6.png\"\r\n                                alt=\"service d'assurance Propri\u00e9taires Non Occupants\"\r\n                            \/>\r\n                          <\/div>\r\n                          <div class=\"services-count\"><\/div>\r\n                          <i\r\n                            class=\"services-icon webexflaticon flaticon-employee-2\"\r\n                          ><\/i>\r\n                          <h4\r\n                            style=\"min-height: 80px; max-height: 80px\"\r\n                            class=\"services-title\"\r\n                          >\r\n                            <a href=\"#\"\r\n                              >Assurance Propri\u00e9taires Non Occupants (PNO) :<\/a\r\n                            >\r\n                          <\/h4>\r\n                          <p\r\n                            style=\"min-height: 120px; max-height: 280px\"\r\n                            class=\"services-description\"\r\n                          >\r\n                            Garantie essentielle pour prot\u00e9ger un bien en\r\n                            location contre les dommages et les impay\u00e9s.\r\n                          <\/p>\r\n                          <a\r\n                            href=\"?page_id=2353\"\r\n                            class=\"cs-btn-one btn-primary-color btn-sm btn-block mrr-30\"\r\n                            title=\"D\u00e9couvrir l'assurance propri\u00e9taires non occupants\"\r\n                            >D\u00e9couvrir<\/a\r\n                          >\r\n                        <\/div>\r\n                      <\/div>\r\n                    <\/div>\r\n                    <!-- Quatri\u00e8me service -->\r\n                    <div class=\"col-md-4\">\r\n                      <div class=\"services-boxes\">\r\n                        <div class=\"services-inner\">\r\n                          <div class=\"services-shape\">\r\n                            <img\r\n                              decoding=\"async\"\r\n                              src=\"https:\/\/shtheme.com\/demosd\/insuren\/wp-content\/uploads\/2022\/11\/6.png\"\r\n                                alt=\"service d'assurance Auto\/Moto\"\r\n                            \/>\r\n                          <\/div>\r\n                          <div class=\"services-count\"><\/div>\r\n                          <i\r\n                            class=\"services-icon webexflaticon flaticon-delivery-truck-1\"\r\n                          ><\/i>\r\n                          <h4\r\n                            style=\"min-height: 80px; max-height: 80px\"\r\n                            class=\"services-title\"\r\n                          >\r\n                            <a href=\"#\">Assurance Auto\/Moto:<\/a>\r\n                          <\/h4>\r\n                          <p\r\n                            style=\"min-height: 120px; max-height: 280px\"\r\n                            class=\"services-description\"\r\n                          >\r\n                            Des solutions personnalis\u00e9es pour prot\u00e9ger votre\r\n                            v\u00e9hicule et votre responsabilit\u00e9 en cas d\u2019accident.\r\n                          <\/p>\r\n                          <a\r\n                            href=\"?page_id=2356\"\r\n                            class=\"cs-btn-one btn-primary-color btn-sm btn-block mrr-30\"\r\n                            title=\"D\u00e9couvrir l'assurance auto\/moto\"\r\n                            >D\u00e9couvrir<\/a\r\n                          >\r\n                        <\/div>\r\n                      <\/div>\r\n                    <\/div>\r\n                    <!-- Cinqui\u00e8me service -->\r\n                    <div class=\"col-md-4\">\r\n                      <div class=\"services-boxes\">\r\n                        <div class=\"services-inner\">\r\n                          <div class=\"services-shape\">\r\n                            <img\r\n                              decoding=\"async\"\r\n                              src=\"https:\/\/shtheme.com\/demosd\/insuren\/wp-content\/uploads\/2022\/11\/6.png\"\r\n                                alt=\"service d'assurance Mutuelle Sant\u00e9\"\r\n                            \/>\r\n                          <\/div>\r\n                          <div class=\"services-count\"><\/div>\r\n                          <i\r\n                            class=\"services-icon webexflaticon flaticon-like-1\"\r\n                          ><\/i>\r\n                          <h4\r\n                            style=\"min-height: 80px; max-height: 80px\"\r\n                            class=\"services-title\"\r\n                          >\r\n                            <a href=\"#\">Mutuelle Sant\u00e9 :<\/a>\r\n                          <\/h4>\r\n                          <p\r\n                            style=\"min-height: 120px; max-height: 280px\"\r\n                            class=\"services-description\"\r\n                          >\r\n                            Offrez-vous et \u00e0 votre famille une couverture sant\u00e9\r\n                            optimale avec des remboursements adapt\u00e9s \u00e0 vos\r\n                            besoins m\u00e9dicaux.\r\n                          <\/p>\r\n                          <a\r\n                            href=\"?page_id=2359\"\r\n                            class=\"cs-btn-one btn-primary-color btn-sm btn-block mrr-30\"\r\n                            title=\"D\u00e9couvrir l'assurance mutuelle sant\u00e9\"\r\n                            >D\u00e9couvrir<\/a\r\n                          >\r\n                        <\/div>\r\n                      <\/div>\r\n                    <\/div>\r\n                    <!-- Sixi\u00e8me service -->\r\n                    <div class=\"col-md-4\">\r\n                      <div class=\"services-boxes\">\r\n                        <div class=\"services-inner\">\r\n                          <div class=\"services-shape\">\r\n                            <img\r\n                              decoding=\"async\"\r\n                              src=\"https:\/\/shtheme.com\/demosd\/insuren\/wp-content\/uploads\/2022\/11\/6.png\"\r\n                                alt=\"service d'assurance de niche\"\r\n                            \/>\r\n                          <\/div>\r\n                          <div class=\"services-count\"><\/div>\r\n                          <i\r\n                            class=\"services-icon webexflaticon flaticon-plan\"\r\n                          ><\/i>\r\n                          <h4\r\n                            style=\"min-height: 80px; max-height: 80px\"\r\n                            class=\"services-title\"\r\n                          >\r\n                            <a href=\"#\">Assurances de niche :<\/a>\r\n                          <\/h4>\r\n                          <p\r\n                            style=\"min-height: 120px; max-height: 280px\"\r\n                            class=\"services-description\"\r\n                          >\r\n                            Offres sp\u00e9cifiques adapt\u00e9es \u00e0 des besoins\r\n                            particuliers (mobilhomes, objets de valeur, etc.).\r\n                          <\/p>\r\n                          <a\r\n                            href=\"?page_id=2362\"\r\n                            class=\"cs-btn-one btn-primary-color btn-sm btn-block mrr-30\"\r\n                            title=\"D\u00e9couvrir l'assurance de niche\"\r\n                            >D\u00e9couvrir<\/a\r\n                          >\r\n                        <\/div>\r\n                      <\/div>\r\n                    <\/div>\r\n                  <\/div>\r\n                <\/div>\r\n              <\/div>\r\n            <\/section>\r\n          <\/div>\r\n        <\/div>\r\n      <\/div>\r\n    <\/div>\r\n  <\/div>\r\n<\/section>\r\n\t\t\t\t<\/div>\n\t\t\t\t<\/div>\n\t\t\t\t\t<\/div>\n\t\t\t\t<\/div>\n\t\t\t\t<\/div>\n\t\t","protected":false},"excerpt":{"rendered":"<p>Nos services pour les particuliers Assurance Multi-risques Habitation : Protection compl\u00e8te de votre logement et de vos biens contre les sinistres (incendie, d\u00e9g\u00e2t des eaux, vol, etc.). D\u00e9couvrir Assurance Multi-risques Immeuble (MRI) : Une couverture adapt\u00e9e aux propri\u00e9taires d\u2019immeubles collectifs ou syndicats de copropri\u00e9t\u00e9. D\u00e9couvrir Assurance Propri\u00e9taires Non Occupants (PNO) : Garantie essentielle pour prot\u00e9ger [&hellip;]<\/p>\n","protected":false},"author":1,"featured_media":0,"parent":0,"menu_order":0,"comment_status":"closed","ping_status":"closed","template":"","meta":{"content-type":"","footnotes":""},"class_list":["post-55","page","type-page","status-publish","hentry"],"yoast_head":"<!-- This site is optimized with the Yoast SEO plugin v24.4 - https:\/\/yoast.com\/wordpress\/plugins\/seo\/ -->\n<title>HB Assurance - Services Pour Les Particuliers<\/title>\n<meta name=\"description\" content=\"HB Assurance propose des services pour les particuliers. Assurance Multirisque Habitation , Assurance Multirisque Immeuble.\" \/>\n<meta name=\"robots\" content=\"index, follow, max-snippet:-1, max-image-preview:large, max-video-preview:-1\" \/>\n<link rel=\"canonical\" href=\"https:\/\/hbassurance.com\/?page_id=55\" \/>\n<meta property=\"og:locale\" content=\"fr_FR\" \/>\n<meta property=\"og:type\" content=\"article\" \/>\n<meta property=\"og:title\" content=\"HB Assurance - Services Pour Les Particuliers\" \/>\n<meta property=\"og:description\" content=\"HB Assurance propose des services pour les particuliers. Assurance Multirisque Habitation , Assurance Multirisque Immeuble.\" \/>\n<meta property=\"og:url\" content=\"https:\/\/hbassurance.com\/?page_id=55\" \/>\n<meta property=\"og:site_name\" content=\"HB Assurance\" \/>\n<meta property=\"article:modified_time\" content=\"2025-02-17T16:34:26+00:00\" \/>\n<meta property=\"og:image\" content=\"https:\/\/hbassurance.com\/wp-content\/uploads\/2025\/02\/img2.jpg\" \/>\n\t<meta property=\"og:image:width\" content=\"420\" \/>\n\t<meta property=\"og:image:height\" content=\"300\" \/>\n\t<meta property=\"og:image:type\" content=\"image\/jpeg\" \/>\n<meta name=\"twitter:card\" content=\"summary_large_image\" \/>\n<meta name=\"twitter:label1\" content=\"Dur\u00e9e de lecture estim\u00e9e\" \/>\n\t<meta name=\"twitter:data1\" content=\"4 minutes\" \/>\n<script type=\"application\/ld+json\" class=\"yoast-schema-graph\">{\"@context\":\"https:\/\/schema.org\",\"@graph\":[{\"@type\":\"WebPage\",\"@id\":\"https:\/\/hbassurance.com\/?page_id=55\",\"url\":\"https:\/\/hbassurance.com\/?page_id=55\",\"name\":\"HB Assurance - Services Pour Les Particuliers\",\"isPartOf\":{\"@id\":\"https:\/\/hbassurance.com\/#website\"},\"datePublished\":\"2025-02-05T16:03:51+00:00\",\"dateModified\":\"2025-02-17T16:34:26+00:00\",\"description\":\"HB Assurance propose des services pour les particuliers. Assurance Multirisque Habitation , Assurance Multirisque Immeuble.\",\"breadcrumb\":{\"@id\":\"https:\/\/hbassurance.com\/?page_id=55#breadcrumb\"},\"inLanguage\":\"fr-FR\",\"potentialAction\":[{\"@type\":\"ReadAction\",\"target\":[\"https:\/\/hbassurance.com\/?page_id=55\"]}]},{\"@type\":\"BreadcrumbList\",\"@id\":\"https:\/\/hbassurance.com\/?page_id=55#breadcrumb\",\"itemListElement\":[{\"@type\":\"ListItem\",\"position\":1,\"name\":\"Home\",\"item\":\"https:\/\/hbassurance.com\/\"},{\"@type\":\"ListItem\",\"position\":2,\"name\":\"Particuliers\"}]},{\"@type\":\"WebSite\",\"@id\":\"https:\/\/hbassurance.com\/#website\",\"url\":\"https:\/\/hbassurance.com\/\",\"name\":\"hbassurance.com\",\"description\":\"Chez HB Assurance, nous proposons des solutions d&#039;assurance sur mesure pour r\u00e9pondre \u00e0 vos besoins.\",\"publisher\":{\"@id\":\"https:\/\/hbassurance.com\/#organization\"},\"potentialAction\":[{\"@type\":\"SearchAction\",\"target\":{\"@type\":\"EntryPoint\",\"urlTemplate\":\"https:\/\/hbassurance.com\/?s={search_term_string}\"},\"query-input\":{\"@type\":\"PropertyValueSpecification\",\"valueRequired\":true,\"valueName\":\"search_term_string\"}}],\"inLanguage\":\"fr-FR\"},{\"@type\":\"Organization\",\"@id\":\"https:\/\/hbassurance.com\/#organization\",\"name\":\"HB Assurance\",\"url\":\"https:\/\/hbassurance.com\/\",\"logo\":{\"@type\":\"ImageObject\",\"inLanguage\":\"fr-FR\",\"@id\":\"https:\/\/hbassurance.com\/#\/schema\/logo\/image\/\",\"url\":\"https:\/\/hbassurance.com\/wp-content\/uploads\/2025\/02\/cropped-logo_HB_ASSURANCE.png\",\"contentUrl\":\"https:\/\/hbassurance.com\/wp-content\/uploads\/2025\/02\/cropped-logo_HB_ASSURANCE.png\",\"width\":666,\"height\":374,\"caption\":\"HB Assurance\"},\"image\":{\"@id\":\"https:\/\/hbassurance.com\/#\/schema\/logo\/image\/\"}}]}<\/script>\n<!-- \/ Yoast SEO plugin. -->","yoast_head_json":{"title":"HB Assurance - Services Pour Les Particuliers","description":"HB Assurance propose des services pour les particuliers. Assurance Multirisque Habitation , Assurance Multirisque Immeuble.","robots":{"index":"index","follow":"follow","max-snippet":"max-snippet:-1","max-image-preview":"max-image-preview:large","max-video-preview":"max-video-preview:-1"},"canonical":"https:\/\/hbassurance.com\/?page_id=55","og_locale":"fr_FR","og_type":"article","og_title":"HB Assurance - Services Pour Les Particuliers","og_description":"HB Assurance propose des services pour les particuliers. Assurance Multirisque Habitation , Assurance Multirisque Immeuble.","og_url":"https:\/\/hbassurance.com\/?page_id=55","og_site_name":"HB Assurance","article_modified_time":"2025-02-17T16:34:26+00:00","og_image":[{"width":420,"height":300,"url":"https:\/\/hbassurance.com\/wp-content\/uploads\/2025\/02\/img2.jpg","type":"image\/jpeg"}],"twitter_card":"summary_large_image","twitter_misc":{"Dur\u00e9e de lecture estim\u00e9e":"4 minutes"},"schema":{"@context":"https:\/\/schema.org","@graph":[{"@type":"WebPage","@id":"https:\/\/hbassurance.com\/?page_id=55","url":"https:\/\/hbassurance.com\/?page_id=55","name":"HB Assurance - Services Pour Les Particuliers","isPartOf":{"@id":"https:\/\/hbassurance.com\/#website"},"datePublished":"2025-02-05T16:03:51+00:00","dateModified":"2025-02-17T16:34:26+00:00","description":"HB Assurance propose des services pour les particuliers. Assurance Multirisque Habitation , Assurance Multirisque Immeuble.","breadcrumb":{"@id":"https:\/\/hbassurance.com\/?page_id=55#breadcrumb"},"inLanguage":"fr-FR","potentialAction":[{"@type":"ReadAction","target":["https:\/\/hbassurance.com\/?page_id=55"]}]},{"@type":"BreadcrumbList","@id":"https:\/\/hbassurance.com\/?page_id=55#breadcrumb","itemListElement":[{"@type":"ListItem","position":1,"name":"Home","item":"https:\/\/hbassurance.com\/"},{"@type":"ListItem","position":2,"name":"Particuliers"}]},{"@type":"WebSite","@id":"https:\/\/hbassurance.com\/#website","url":"https:\/\/hbassurance.com\/","name":"hbassurance.com","description":"Chez HB Assurance, nous proposons des solutions d&#039;assurance sur mesure pour r\u00e9pondre \u00e0 vos besoins.","publisher":{"@id":"https:\/\/hbassurance.com\/#organization"},"potentialAction":[{"@type":"SearchAction","target":{"@type":"EntryPoint","urlTemplate":"https:\/\/hbassurance.com\/?s={search_term_string}"},"query-input":{"@type":"PropertyValueSpecification","valueRequired":true,"valueName":"search_term_string"}}],"inLanguage":"fr-FR"},{"@type":"Organization","@id":"https:\/\/hbassurance.com\/#organization","name":"HB Assurance","url":"https:\/\/hbassurance.com\/","logo":{"@type":"ImageObject","inLanguage":"fr-FR","@id":"https:\/\/hbassurance.com\/#\/schema\/logo\/image\/","url":"https:\/\/hbassurance.com\/wp-content\/uploads\/2025\/02\/cropped-logo_HB_ASSURANCE.png","contentUrl":"https:\/\/hbassurance.com\/wp-content\/uploads\/2025\/02\/cropped-logo_HB_ASSURANCE.png","width":666,"height":374,"caption":"HB Assurance"},"image":{"@id":"https:\/\/hbassurance.com\/#\/schema\/logo\/image\/"}}]}},"_links":{"self":[{"href":"https:\/\/hbassurance.com\/index.php?rest_route=\/wp\/v2\/pages\/55","targetHints":{"allow":["GET"]}}],"collection":[{"href":"https:\/\/hbassurance.com\/index.php?rest_route=\/wp\/v2\/pages"}],"about":[{"href":"https:\/\/hbassurance.com\/index.php?rest_route=\/wp\/v2\/types\/page"}],"author":[{"embeddable":true,"href":"https:\/\/hbassurance.com\/index.php?rest_route=\/wp\/v2\/users\/1"}],"replies":[{"embeddable":true,"href":"https:\/\/hbassurance.com\/index.php?rest_route=%2Fwp%2Fv2%2Fcomments&post=55"}],"version-history":[{"count":102,"href":"https:\/\/hbassurance.com\/index.php?rest_route=\/wp\/v2\/pages\/55\/revisions"}],"predecessor-version":[{"id":3036,"href":"https:\/\/hbassurance.com\/index.php?rest_route=\/wp\/v2\/pages\/55\/revisions\/3036"}],"wp:attachment":[{"href":"https:\/\/hbassurance.com\/index.php?rest_route=%2Fwp%2Fv2%2Fmedia&parent=55"}],"curies":[{"name":"wp","href":"https:\/\/api.w.org\/{rel}","templated":true}]}}